{"id":3780,"date":"2026-02-11T16:30:43","date_gmt":"2026-02-11T15:30:43","guid":{"rendered":"https:\/\/planetamagico.ch\/business\/gebr-mueller-ag-eventraum-weyerli-2\/"},"modified":"2026-02-11T16:30:43","modified_gmt":"2026-02-11T15:30:43","slug":"gebr-mueller-ag-eventraum-weyerli","status":"publish","type":"business","link":"https:\/\/planetamagico.ch\/fr\/salle-evenements\/gebr-mueller-ag-eventraum-weyerli\/","title":{"rendered":"Gebr. M\u00fcller AG &#8211; Eventraum Weyerli"},"content":{"rendered":"<p>L&rsquo;espace \u00e9v\u00e9nementiel Weyerli de Gebr. M\u00fcller AG s&rsquo;adresse aux personnes recherchant un lieu \u00e9l\u00e9gant et modulable pour leurs \u00e9v\u00e9nements priv\u00e9s ou professionnels, et qui privil\u00e9gient un service personnalis\u00e9 et une ambiance harmonieuse. Principalement destin\u00e9 aux c\u00e9l\u00e9brations de petite et moyenne envergure, cet espace peut \u00eatre am\u00e9nag\u00e9 sur mesure pour s&rsquo;adapter \u00e0 toutes les occasions, le rendant ainsi id\u00e9al pour une grande vari\u00e9t\u00e9 d&rsquo;\u00e9v\u00e9nements.<\/p>\n<p> L&rsquo;espace offre une ambiance chaleureuse d&rsquo;inspiration industrielle, souvent pl\u00e9biscit\u00e9e par les invit\u00e9s. La conception est particuli\u00e8rement r\u00e9ussie\u00a0: mat\u00e9riaux apparents, \u00e9l\u00e9ments modernes et structure \u00e9pur\u00e9e cr\u00e9ent un cadre id\u00e9al pour les \u00e9v\u00e9nements formels comme informels. Un atout majeur pour ceux qui recherchent un lieu \u00e0 la fois neutre et original, permettant une int\u00e9gration harmonieuse de styles d\u00e9coratifs vari\u00e9s.<\/p>\n<p> Plusieurs visiteurs d\u00e9crivent l&rsquo;espace \u00e9v\u00e9nementiel comme \u00e9tant magnifiquement et \u00e9l\u00e9gamment meubl\u00e9, avec une atmosph\u00e8re ni froide ni encombr\u00e9e. Cette combinaison convient parfaitement aux f\u00eates de famille, aux \u00e9v\u00e9nements d&rsquo;entreprise, aux r\u00e9ceptions ou aux r\u00e9unions associatives o\u00f9 une certaine sophistication est recherch\u00e9e sans para\u00eetre trop formelle. Par ailleurs, l&rsquo;espace reste fonctionnel, permettant l&rsquo;ajout de mobilier, d&rsquo;\u00e9quipements ou d&rsquo;autres am\u00e9nagements selon les besoins.<\/p>\n<p> Un autre atout r\u00e9side dans son excellente accessibilit\u00e9\u00a0: situ\u00e9 sur la Murtenstrasse, l\u2019\u00e9tablissement est facilement accessible en transports en commun et convient parfaitement aux invit\u00e9s arrivant en voiture. Un vaste parking est disponible sur place, ce qui est rare dans les <b>lieux de<\/b> r\u00e9ception et s\u2019av\u00e8re souvent probl\u00e9matique en pratique. Pour les organisateurs attendant des invit\u00e9s de diff\u00e9rentes r\u00e9gions, cela simplifie consid\u00e9rablement la logistique.<\/p>\n<p> L&rsquo;espace ext\u00e9rieur est souvent d\u00e9crit comme un lieu agr\u00e9able pour se d\u00e9tendre, id\u00e9al pour les pauses, les fumoirs ou les rafra\u00eechissements en plein air. Pour les \u00e9v\u00e9nements d&rsquo;entreprise ou les r\u00e9ceptions de longue dur\u00e9e, il est judicieux d&rsquo;alterner espaces int\u00e9rieurs et courts espaces ext\u00e9rieurs. Cela am\u00e9liore le confort des invit\u00e9s et apporte de la vari\u00e9t\u00e9 \u00e0 l&rsquo;\u00e9v\u00e9nement.<\/p>\n<p> L&rsquo;\u00e9quipe de Gebr. M\u00fcller AG se distingue \u00e9galement par son professionnalisme. Les employ\u00e9s sont d\u00e9crits comme tr\u00e8s aimables, serviables et courtois. Toute personne organisant un \u00e9v\u00e9nement b\u00e9n\u00e9ficie de contacts facilement joignables, d&rsquo;une prise en compte s\u00e9rieuse des questions et d&rsquo;un soutien constant durant la phase de pr\u00e9paration. C&rsquo;est un point crucial pour les clients potentiels, car un lieu de qualit\u00e9 ne suffit pas\u00a0: l&rsquo;organisation en coulisses est souvent d\u00e9terminante pour le bon d\u00e9roulement d&rsquo;un \u00e9v\u00e9nement.<\/p>\n<p> La flexibilit\u00e9 de l&rsquo;espace est un atout majeur\u00a0: les utilisateurs soulignent sa capacit\u00e9 \u00e0 s&rsquo;adapter \u00e0 une grande vari\u00e9t\u00e9 d&rsquo;\u00e9v\u00e9nements, qu&rsquo;il s&rsquo;agisse d&rsquo;une pr\u00e9sentation d&rsquo;entreprise, d&rsquo;une soir\u00e9e priv\u00e9e, d&rsquo;une soir\u00e9e en club ou d&rsquo;un format cr\u00e9atif comme des ateliers ou des \u00e9v\u00e9nements \u00e9ph\u00e9m\u00e8res. Gr\u00e2ce \u00e0 une base neutre et bien con\u00e7ue, le mobilier peut \u00eatre agenc\u00e9 de multiples fa\u00e7ons sans alt\u00e9rer le caract\u00e8re du b\u00e2timent.<\/p>\n<p> Pour ceux qui recherchent des espaces \u00e9v\u00e9nementiels qui se d\u00e9marquent des salles de bal d&rsquo;h\u00f4tel classiques ou des salles polyvalentes impersonnelles, Weyerli offre une alternative \u00e9l\u00e9gante. Cet espace s&rsquo;adresse aux utilisateurs qui souhaitent un cadre unique tout en b\u00e9n\u00e9ficiant d&rsquo;une infrastructure et d&rsquo;un accompagnement professionnels. Il est particuli\u00e8rement adapt\u00e9 aux groupes qui privil\u00e9gient une ambiance chaleureuse et un service personnalis\u00e9.<\/p>\n<p> Pour <b>les r\u00e9ceptions de mariage<\/b> ou autres festivit\u00e9s, la salle peut convenir \u2013 selon le nombre d&rsquo;invit\u00e9s et l&rsquo;ambiance souhait\u00e9e \u2013 si l&rsquo;on privil\u00e9gie un cadre urbain et moderne. Cependant, les grands mariages romantiques avec un tr\u00e8s grand nombre d&rsquo;invit\u00e9s ou un \u00e9quipement sc\u00e9nique et d&rsquo;\u00e9clairage important pourraient s&rsquo;av\u00e9rer insuffisants, notamment si l&rsquo;espace est cons\u00e9quent. En revanche, pour les mariages plus intimes ou de taille moyenne, les c\u00e9r\u00e9monies civiles suivies d&rsquo;une r\u00e9ception, ou les d\u00eeners \u00e9l\u00e9gants, la salle offre des conditions id\u00e9ales.<\/p>\n<p> Compar\u00e9 aux autres lieux \u00e9v\u00e9nementiels de Berne, l&rsquo;Eventraum Weyerli se positionne moins comme une simple salle de banquet que comme un espace \u00e9v\u00e9nementiel polyvalent \u00e0 l&rsquo;esth\u00e9tique affirm\u00e9e. Ce positionnement peut s\u00e9duire les entreprises en qu\u00eate d&rsquo;un cadre plus moderne que les salles de conf\u00e9rence traditionnelles. Parall\u00e8lement, il convient \u00e9galement aux particuliers recherchant un lieu de caract\u00e8re o\u00f9 ils peuvent exprimer leurs propres id\u00e9es en mati\u00e8re de d\u00e9coration et d&rsquo;am\u00e9nagement.<\/p>\n<p> Concernant la restauration\u00a0: l\u2019espace \u00e9v\u00e9nementiel n\u2019est pas con\u00e7u comme un restaurant traditionnel, mais principalement comme une salle \u00e0 louer. Selon l\u2019occasion et les besoins, des prestataires externes peuvent intervenir ou des solutions sur mesure peuvent \u00eatre mises en place. Pour les clients souhaitant une formule cl\u00e9 en main, cela peut impliquer un travail d\u2019organisation plus important, mais permet en contrepartie de choisir des <b>traiteurs<\/b> adapt\u00e9s \u00e0 leur budget et au style recherch\u00e9.<\/p>\n<p> Toute personne souhaitant une prestation \u00e9v\u00e9nementielle coordonn\u00e9e (d\u00e9coration, mat\u00e9riel technique, mobilier et traiteur) fournie par un seul et m\u00eame prestataire devrait clarifier d\u00e8s le d\u00e9but avec ce dernier les services pouvant \u00eatre organis\u00e9s directement par Gebr. M\u00fcller AG et ceux qui n\u00e9cessiteront l&rsquo;intervention de prestataires externes. Cela permet d&rsquo;\u00e9viter les malentendus et de pr\u00e9ciser le niveau d&rsquo;implication requis dans la planification. Pour les organisateurs d&rsquo;\u00e9v\u00e9nements exp\u00e9riment\u00e9s, cette flexibilit\u00e9 est souvent un atout, tandis que les moins exp\u00e9riment\u00e9s doivent s&rsquo;attendre \u00e0 consacrer plus de temps \u00e0 l&rsquo;organisation.<\/p>\n<p> Les retours des clients sont jusqu&rsquo;\u00e0 pr\u00e9sent tr\u00e8s positifs\u00a0: l&rsquo;espace est d\u00e9crit comme \u00ab\u00a0magnifique\u00a0\u00bb et \u00ab\u00a0\u00e9l\u00e9gant\u00a0\u00bb, et plusieurs personnes indiquent qu&rsquo;elles le r\u00e9serveraient \u00e0 nouveau. Ces t\u00e9moignages sugg\u00e8rent que l&rsquo;espace \u00e9v\u00e9nementiel r\u00e9pond aux attentes, voire les d\u00e9passe, en termes d&rsquo;ambiance, d&rsquo;\u00e9quipements et de service. Il est particuli\u00e8rement \u00e9vident que des \u00e9v\u00e9nements priv\u00e9s et professionnels y ont \u00e9t\u00e9 organis\u00e9s avec succ\u00e8s.<\/p>\n<p> Parall\u00e8lement, il est important de noter que le march\u00e9 des <b>lieux de r\u00e9ception<\/b> et d&rsquo;\u00e9v\u00e9nements \u00e0 Berne est vaste et s&rsquo;adresse \u00e0 une client\u00e8le diversifi\u00e9e. Eventraum Weyerli cible principalement les personnes recherchant un espace ind\u00e9pendant et modulable, un service personnalis\u00e9 et qui ne souhaitent pas forc\u00e9ment le cadre traditionnel d&rsquo;un h\u00f4tel ou d&rsquo;un restaurant. Celles qui privil\u00e9gient une solution cl\u00e9 en main avec des menus pr\u00e9d\u00e9finis et des proc\u00e9dures standardis\u00e9es devraient comparer les offres d&rsquo;autres prestataires afin de d\u00e9terminer s&rsquo;ils correspondent mieux \u00e0 leurs besoins.<\/p>\n<p> La force de Gebr. M\u00fcller AG \u2013 Eventraum Weyerli r\u00e9side incontestablement dans l&rsquo;harmonie entre son ambiance, son emplacement, son accessibilit\u00e9 et son service. Son design \u00e0 la fois industriel et chaleureux se d\u00e9marque des salles de s\u00e9minaire impersonnelles et des halls poussi\u00e9reux, offrant un espace moderne et \u00e9pur\u00e9. Les nombreux avis positifs concernant la convivialit\u00e9 du personnel et la modularit\u00e9 des lieux t\u00e9moignent du professionnalisme et de la satisfaction des organisateurs d&rsquo;\u00e9v\u00e9nements.<\/p>\n<p> En revanche, une attention particuli\u00e8re port\u00e9e au lieu peut impliquer l&rsquo;organisation s\u00e9par\u00e9e de services compl\u00e9mentaires tels que la technologie, la d\u00e9coration ou la restauration. La perception de cet inconv\u00e9nient d\u00e9pend largement des attentes du client. Pour certains, c&rsquo;est l&rsquo;occasion de mettre en \u0153uvre un concept \u00e9v\u00e9nementiel hautement personnalis\u00e9\u00a0; pour d&rsquo;autres, c&rsquo;est une charge de travail suppl\u00e9mentaire.<\/p>\n<p> Pour les organisateurs d&rsquo;\u00e9v\u00e9nements, il est donc judicieux de bien r\u00e9fl\u00e9chir \u00e0 l&rsquo;avance au type d&rsquo;\u00e9v\u00e9nement souhait\u00e9, au budget disponible et au degr\u00e9 d&rsquo;autonomie possible. Dans le secteur de <b>l&rsquo;<\/b> <b>\u00e9v\u00e9nementiel<\/b> , l&rsquo;espace Weyerli offre une option qui s\u00e9duit particuli\u00e8rement par son ambiance, sa facilit\u00e9 d&rsquo;acc\u00e8s et son service personnalis\u00e9, ce qui le rend id\u00e9al pour les occasions o\u00f9 l&rsquo;atmosph\u00e8re et la flexibilit\u00e9 sont primordiales.<\/p>\n<p> Toute personne recherchant un lieu \u00e9l\u00e9gant et facilement accessible, offrant une grande flexibilit\u00e9 d&rsquo;utilisation et souhaitant organiser elle-m\u00eame certains services comme la restauration ou faire appel \u00e0 des partenaires, trouvera chez Gebr. M\u00fcller AG \u2013 Eventraum Weyerli une option attrayante. Si une salle de bal d&rsquo;h\u00f4tel classique convient mieux aux banquets standardis\u00e9s avec des horaires fixes et des formules tout compris, cet espace \u00e9v\u00e9nementiel r\u00e9v\u00e8le tout son potentiel pour des \u00e9v\u00e9nements cr\u00e9atifs et personnalis\u00e9s.<\/p>\n","protected":false},"excerpt":{"rendered":"<p>Gebr. M\u00fcller AG \u2013 Eventraum Weyerli propose des salles de r\u00e9ception \u00e9l\u00e9gantes, des salles de f\u00eate modulables et des services de restauration pour les \u00e9v\u00e9nements priv\u00e9s et professionnels.<\/p>\n","protected":false},"author":1,"featured_media":3771,"template":"","business-categories":[246,85,78,84],"business-locations":[6177,5680],"business-countries":[48],"business_franchises":[1725],"class_list":["post-3780","business","type-business","status-publish","has-post-thumbnail","hentry","business_category-kulturzentrum","business_category-veranstaltungsraum","business_category-veranstaltungsstaette","business_category-seminar","business_location-bern","business_location-bern-mittelland","business_country-ch","business_franchises-gebr-mueller-ag-eventraum-weyerli"],"_links":{"self":[{"href":"https:\/\/planetamagico.ch\/fr\/wp-json\/wp\/v2\/businesses\/3780","targetHints":{"allow":["GET"]}}],"collection":[{"href":"https:\/\/planetamagico.ch\/fr\/wp-json\/wp\/v2\/businesses"}],"about":[{"href":"https:\/\/planetamagico.ch\/fr\/wp-json\/wp\/v2\/types\/business"}],"author":[{"embeddable":true,"href":"https:\/\/planetamagico.ch\/fr\/wp-json\/wp\/v2\/users\/1"}],"version-history":[{"count":0,"href":"https:\/\/planetamagico.ch\/fr\/wp-json\/wp\/v2\/businesses\/3780\/revisions"}],"wp:featuredmedia":[{"embeddable":true,"href":"https:\/\/planetamagico.ch\/fr\/wp-json\/wp\/v2\/media\/3771"}],"wp:attachment":[{"href":"https:\/\/planetamagico.ch\/fr\/wp-json\/wp\/v2\/media?parent=3780"}],"wp:term":[{"taxonomy":"business_category","embeddable":true,"href":"https:\/\/planetamagico.ch\/fr\/wp-json\/wp\/v2\/business-categories?post=3780"},{"taxonomy":"business_location","embeddable":true,"href":"https:\/\/planetamagico.ch\/fr\/wp-json\/wp\/v2\/business-locations?post=3780"},{"taxonomy":"business_country","embeddable":true,"href":"https:\/\/planetamagico.ch\/fr\/wp-json\/wp\/v2\/business-countries?post=3780"},{"taxonomy":"business_franchises","embeddable":true,"href":"https:\/\/planetamagico.ch\/fr\/wp-json\/wp\/v2\/business_franchises?post=3780"}],"curies":[{"name":"wp","href":"https:\/\/api.w.org\/{rel}","templated":true}]}}

Gebr. Müller AG &#8211; Eventraum Weyerli

<p>L&rsquo;espace événementiel Weyerli de Gebr. Müller AG s&rsquo;adresse aux personnes recherchant un lieu élégant et modulable pour leurs événements privés ou professionnels, et qui privilégient un service personnalisé et une ambiance harmonieuse. Principalement destiné aux célébrations de petite et moyenne envergure, cet espace peut être aménagé sur mesure pour s&rsquo;adapter à toutes les occasions, le rendant ainsi idéal pour une grande variété d&rsquo;événements.</p>
<p> L&rsquo;espace offre une ambiance chaleureuse d&rsquo;inspiration industrielle, souvent plébiscitée par les invités. La conception est particulièrement réussie : matériaux apparents, éléments modernes et structure épurée créent un cadre idéal pour les événements formels comme informels. Un atout majeur pour ceux qui recherchent un lieu à la fois neutre et original, permettant une intégration harmonieuse de styles décoratifs variés.</p>
<p> Plusieurs visiteurs décrivent l&rsquo;espace événementiel comme étant magnifiquement et élégamment meublé, avec une atmosphère ni froide ni encombrée. Cette combinaison convient parfaitement aux fêtes de famille, aux événements d&rsquo;entreprise, aux réceptions ou aux réunions associatives où une certaine sophistication est recherchée sans paraître trop formelle. Par ailleurs, l&rsquo;espace reste fonctionnel, permettant l&rsquo;ajout de mobilier, d&rsquo;équipements ou d&rsquo;autres aménagements selon les besoins.</p>
<p> Un autre atout réside dans son excellente accessibilité : situé sur la Murtenstrasse, l’établissement est facilement accessible en transports en commun et convient parfaitement aux invités arrivant en voiture. Un vaste parking est disponible sur place, ce qui est rare dans les <b>lieux de</b> réception et s’avère souvent problématique en pratique. Pour les organisateurs attendant des invités de différentes régions, cela simplifie considérablement la logistique.</p>
<p> L&rsquo;espace extérieur est souvent décrit comme un lieu agréable pour se détendre, idéal pour les pauses, les fumoirs ou les rafraîchissements en plein air. Pour les événements d&rsquo;entreprise ou les réceptions de longue durée, il est judicieux d&rsquo;alterner espaces intérieurs et courts espaces extérieurs. Cela améliore le confort des invités et apporte de la variété à l&rsquo;événement.</p>
<p> L&rsquo;équipe de Gebr. Müller AG se distingue également par son professionnalisme. Les employés sont décrits comme très aimables, serviables et courtois. Toute personne organisant un événement bénéficie de contacts facilement joignables, d&rsquo;une prise en compte sérieuse des questions et d&rsquo;un soutien constant durant la phase de préparation. C&rsquo;est un point crucial pour les clients potentiels, car un lieu de qualité ne suffit pas : l&rsquo;organisation en coulisses est souvent déterminante pour le bon déroulement d&rsquo;un événement.</p>
<p> La flexibilité de l&rsquo;espace est un atout majeur : les utilisateurs soulignent sa capacité à s&rsquo;adapter à une grande variété d&rsquo;événements, qu&rsquo;il s&rsquo;agisse d&rsquo;une présentation d&rsquo;entreprise, d&rsquo;une soirée privée, d&rsquo;une soirée en club ou d&rsquo;un format créatif comme des ateliers ou des événements éphémères. Grâce à une base neutre et bien conçue, le mobilier peut être agencé de multiples façons sans altérer le caractère du bâtiment.</p>
<p> Pour ceux qui recherchent des espaces événementiels qui se démarquent des salles de bal d&rsquo;hôtel classiques ou des salles polyvalentes impersonnelles, Weyerli offre une alternative élégante. Cet espace s&rsquo;adresse aux utilisateurs qui souhaitent un cadre unique tout en bénéficiant d&rsquo;une infrastructure et d&rsquo;un accompagnement professionnels. Il est particulièrement adapté aux groupes qui privilégient une ambiance chaleureuse et un service personnalisé.</p>
<p> Pour <b>les réceptions de mariage</b> ou autres festivités, la salle peut convenir – selon le nombre d&rsquo;invités et l&rsquo;ambiance souhaitée – si l&rsquo;on privilégie un cadre urbain et moderne. Cependant, les grands mariages romantiques avec un très grand nombre d&rsquo;invités ou un équipement scénique et d&rsquo;éclairage important pourraient s&rsquo;avérer insuffisants, notamment si l&rsquo;espace est conséquent. En revanche, pour les mariages plus intimes ou de taille moyenne, les cérémonies civiles suivies d&rsquo;une réception, ou les dîners élégants, la salle offre des conditions idéales.</p>
<p> Comparé aux autres lieux événementiels de Berne, l&rsquo;Eventraum Weyerli se positionne moins comme une simple salle de banquet que comme un espace événementiel polyvalent à l&rsquo;esthétique affirmée. Ce positionnement peut séduire les entreprises en quête d&rsquo;un cadre plus moderne que les salles de conférence traditionnelles. Parallèlement, il convient également aux particuliers recherchant un lieu de caractère où ils peuvent exprimer leurs propres idées en matière de décoration et d&rsquo;aménagement.</p>
<p> Concernant la restauration : l’espace événementiel n’est pas conçu comme un restaurant traditionnel, mais principalement comme une salle à louer. Selon l’occasion et les besoins, des prestataires externes peuvent intervenir ou des solutions sur mesure peuvent être mises en place. Pour les clients souhaitant une formule clé en main, cela peut impliquer un travail d’organisation plus important, mais permet en contrepartie de choisir des <b>traiteurs</b> adaptés à leur budget et au style recherché.</p>
<p> Toute personne souhaitant une prestation événementielle coordonnée (décoration, matériel technique, mobilier et traiteur) fournie par un seul et même prestataire devrait clarifier dès le début avec ce dernier les services pouvant être organisés directement par Gebr. Müller AG et ceux qui nécessiteront l&rsquo;intervention de prestataires externes. Cela permet d&rsquo;éviter les malentendus et de préciser le niveau d&rsquo;implication requis dans la planification. Pour les organisateurs d&rsquo;événements expérimentés, cette flexibilité est souvent un atout, tandis que les moins expérimentés doivent s&rsquo;attendre à consacrer plus de temps à l&rsquo;organisation.</p>
<p> Les retours des clients sont jusqu&rsquo;à présent très positifs : l&rsquo;espace est décrit comme « magnifique » et « élégant », et plusieurs personnes indiquent qu&rsquo;elles le réserveraient à nouveau. Ces témoignages suggèrent que l&rsquo;espace événementiel répond aux attentes, voire les dépasse, en termes d&rsquo;ambiance, d&rsquo;équipements et de service. Il est particulièrement évident que des événements privés et professionnels y ont été organisés avec succès.</p>
<p> Parallèlement, il est important de noter que le marché des <b>lieux de réception</b> et d&rsquo;événements à Berne est vaste et s&rsquo;adresse à une clientèle diversifiée. Eventraum Weyerli cible principalement les personnes recherchant un espace indépendant et modulable, un service personnalisé et qui ne souhaitent pas forcément le cadre traditionnel d&rsquo;un hôtel ou d&rsquo;un restaurant. Celles qui privilégient une solution clé en main avec des menus prédéfinis et des procédures standardisées devraient comparer les offres d&rsquo;autres prestataires afin de déterminer s&rsquo;ils correspondent mieux à leurs besoins.</p>
<p> La force de Gebr. Müller AG – Eventraum Weyerli réside incontestablement dans l&rsquo;harmonie entre son ambiance, son emplacement, son accessibilité et son service. Son design à la fois industriel et chaleureux se démarque des salles de séminaire impersonnelles et des halls poussiéreux, offrant un espace moderne et épuré. Les nombreux avis positifs concernant la convivialité du personnel et la modularité des lieux témoignent du professionnalisme et de la satisfaction des organisateurs d&rsquo;événements.</p>
<p> En revanche, une attention particulière portée au lieu peut impliquer l&rsquo;organisation séparée de services complémentaires tels que la technologie, la décoration ou la restauration. La perception de cet inconvénient dépend largement des attentes du client. Pour certains, c&rsquo;est l&rsquo;occasion de mettre en œuvre un concept événementiel hautement personnalisé ; pour d&rsquo;autres, c&rsquo;est une charge de travail supplémentaire.</p>
<p> Pour les organisateurs d&rsquo;événements, il est donc judicieux de bien réfléchir à l&rsquo;avance au type d&rsquo;événement souhaité, au budget disponible et au degré d&rsquo;autonomie possible. Dans le secteur de <b>l&rsquo;</b> <b>événementiel</b> , l&rsquo;espace Weyerli offre une option qui séduit particulièrement par son ambiance, sa facilité d&rsquo;accès et son service personnalisé, ce qui le rend idéal pour les occasions où l&rsquo;atmosphère et la flexibilité sont primordiales.</p>
<p> Toute personne recherchant un lieu élégant et facilement accessible, offrant une grande flexibilité d&rsquo;utilisation et souhaitant organiser elle-même certains services comme la restauration ou faire appel à des partenaires, trouvera chez Gebr. Müller AG – Eventraum Weyerli une option attrayante. Si une salle de bal d&rsquo;hôtel classique convient mieux aux banquets standardisés avec des horaires fixes et des formules tout compris, cet espace événementiel révèle tout son potentiel pour des événements créatifs et personnalisés.</p>

<p>Gebr. Müller AG – Eventraum Weyerli propose des salles de réception élégantes, des salles de fête modulables et des services de restauration pour les événements privés et professionnels.</p>
